?
2, 151
List the prime factors of 10283.
7, 13, 113
What are the prime factors of 2316?
2, 3, 193
What are the prime factors of 3243?
3, 23, 47
List the prime factors of 505.
5, 101
What are the prime factors of 18567?
3, 2063
What are the prime factors of 467?
467
List the prime factors of 7748.
2, 13, 149
What are the prime factors of 4809?
3, 7, 229
What are the prime factors of 20737?
89, 233
List the prime factors of 15641.
15641
What are the prime factors of 1194?
2, 3, 199
What are the prime factors of 261?
3, 29
List the prime factors of 9008.
2, 563
What are the prime factors of 7932?
2, 3, 661
What are the prime factors of 4097?
17, 241
List the prime factors of 6861.
3, 2287
List the prime factors of 163430.
2, 5, 59, 277
List the prime factors of 1625.
5, 13
List the prime factors of 16186.
2, 8093
List the prime factors of 2874.
2, 3, 479
List the prime factors of 76807.
89, 863
List the prime factors of 40012.
2, 7, 1429
List the prime factors of 39.
3, 13
List the prime factors of 6516.
2, 3, 181
List the prime factors of 684.
2, 3, 19
List the prime factors of 3174.
2, 3, 23
List the prime factors of 33.
3, 11
What are the prime factors of 83763?
3, 41, 227
List the prime factors of 26751.
3, 37, 241
List the prime factors of 18509.
83, 223
What are the prime factors of 5011?
5011
List the prime factors of 41766.
2, 3, 6961
What are the prime factors of 4696?
2, 587
List the prime factors of 1004.
2, 251
What are the prime factors of 29235?
3, 5, 1949
What are the prime factors of 29936?
2, 1871
What are the prime factors of 43294?
2, 21647
What are the prime factors of 792?
2, 3, 11
What are the prime factors of 13240?
2, 5, 331
What are the prime factors of 36239?
7, 31, 167
What are the prime factors of 2855?
5, 571
What are the prime factors of 6554?
2, 29, 113
List the prime factors of 103120.
2, 5, 1289
List the prime factors of 24085.
5, 4817
What are the prime factors of 105656?
2, 47, 281
What are the prime factors of 311?
311
What are the prime factors of 12191?
73, 167
List the prime factors of 5664.
2, 3, 59
List the prime factors of 1144.
2, 11, 13
List the prime factors of 11822.
2, 23, 257
List the prime factors of 3316.
2, 829
What are the prime factors of 11437?
11437
What are the prime factors of 29042?
2, 13, 1117
What are the prime factors of 671?
11, 61
What are the prime factors of 53239?
53239
What are the prime factors of 3590?
2, 5, 359
List the prime factors of 24256.
2, 379
What are the prime factors of 232?
2, 29
What are the prime factors of 674?
2, 337
List the prime factors of 57116.
2, 109, 131
What are the prime factors of 61332?
2, 3, 19, 269
List the prime factors of 108981.
3, 12109
What are the prime factors of 1059?
3, 353
What are the prime factors of 26648?
2, 3331
List the prime factors of 10350.
2, 3, 5, 23
What are the prime factors of 11894?
2, 19, 313
List the prime factors of 56404.
2, 59, 239
List the prime factors of 3539.
3539
What are the prime factors of 5828?
2, 31, 47
What are the prime factors of 2165?
5, 433
What are the prime factors of 32999?
32999
What are the prime factors of 1256?
2, 157
What are the prime factors of 310?
2, 5, 31
What are the prime factors of 66930?
2, 3, 5, 23, 97
What are the prime factors of 417?
3, 139
What are the prime factors of 195?
3, 5, 13
List the prime factors of 32649.
3, 10883
List the prime factors of 9579.
3, 31, 103
List the prime factors of 1551.
3, 11, 47
What are the prime factors of 4265?
5, 853
List the prime factors of 7578.
2, 3, 421
What are the prime factors of 45808?
2, 7, 409
List the prime factors of 693.
3, 7, 11
What are the prime factors of 2073?
3, 691
What are the prime factors of 656?
2, 41
What are the prime factors of 14880?
2, 3, 5, 31
What are the prime factors of 876?
2, 3, 73
What are the prime factors of 167306?
2, 83653
What are the prime factors of 27693?
3, 17, 181
List the prime factors of 1450.
2, 5, 29
What are the prime factors of 1136?
2, 71
List the prime factors of 185.
5, 37
What are the prime factors of 39454?
2, 19727
What are the prime factors of 5880?
2, 3, 5, 7
What are the prime factors of 1419?
3, 11, 43
What are the prime factors of 19032?
2, 3, 13, 61
List the prime factors of 14510.
2, 5, 1451
List the prime factors of 11685.
3, 5, 19, 41
What are the prime factors of 66096?
2, 3, 17
What are the prime factors of 18062?
2, 11, 821
What are the prime factors of 29677?
59, 503
What are the prime factors of 41140?
2, 5, 11, 17
What are the prime factors of 38605?
5, 7, 1103
List the prime factors of 4959.
3, 19, 29
List the prime factors of 486.
2, 3
List the prime factors of 1302.
2, 3, 7, 31
List the prime factors of 5407.
5407
List the prime factors of 2003.
2003
List the prime factors of 25935.
3, 5, 7, 13, 19
What are the prime factors of 11263?
7, 1609
List the prime factors of 50589.
3, 7, 11, 73
What are the prime factors of 1540?
2, 5, 7, 11
List the prime factors of 38614.
2, 43, 449
List the prime factors of 99816.
2, 3, 4159
List the prime factors of 45764.
2, 17, 673
List the prime factors of 10895.
5, 2179
List the prime factors of 84456.
2, 3, 17, 23
What are the prime factors of 131414?
2, 65707
List the prime factors of 16369.
16369
What are the prime factors of 12351?
3, 23, 179
What are the prime factors of 12614?
2, 7, 17, 53
List the prime factors of 1689.
3, 563
What are the prime factors of 4451?
4451
List the prime factors of 1731.
3, 577
What are the prime factors of 13785?
3, 5, 919
List the prime factors of 8952.
2, 3, 373
What are the prime factors of 69333?
3, 11, 191
What are the prime factors of 1701?
3, 7
What are the prime factors of 60723?
3, 13, 173
List the prime factors of 9442.
2, 4721
What are the prime factors of 1741?
1741
List the prime factors of 7302.
2, 3, 1217
List the prime factors of 11116.
2, 7, 397
List the prime factors of 2152.
2, 269
What are the prime factors of 98239?
31, 3169
What are the prime factors of 171?
3, 19
What are the prime factors of 28?
2, 7
List the prime factors of 14087.
14087
What are the prime factors of 1616?
2, 101
List the prime factors of 34497.
3, 3833
List the prime factors of 1662.
2, 3, 277
List the prime factors of 52232.
2, 6529
List the prime factors of 1005.
3, 5, 67
What are the prime factors of 41228?
2, 11, 937
List the prime factors of 4480.
2, 5, 7
List the prime factors of 68332.
2, 11, 1553
List the prime factors of 1024.
2
What are the prime factors of 13914?
2, 3, 773
List the prime factors of 12922.
2, 7, 13, 71
List the prime factors of 25212.
2, 3, 11, 191
List the prime factors of 8538.
2, 3, 1423
List the prime factors of 1832.
2, 229
List the prime factors of 146.
2, 73
List the prime factors of 312.
2, 3, 13
What are the prime factors of 38550?
2, 3, 5, 257
List the prime factors of 9325.
5, 373
List the prime factors of 2652.
2, 3, 13, 17
What are the prime factors of 10411?
29, 359
What are the prime factors of 60?
2, 3, 5
List the prime factors of 16231.
16231
List the prime factors of 5156.
2, 1289
What are the prime factors of 2143?
2143
What are the prime factors of 20933?
11, 173
List the prime factors of 98754.
2, 3, 109, 151
What are the prime factors of 3181?
3181
List the prime factors of 36411.
3, 53, 229
What are the prime factors of 34224?
2, 3, 23, 31
What are the prime factors of 930?
2, 3, 5, 31
What are the prime factors of 64687?
7, 9241
What are the prime factors of 1263?
3, 421
What are the prime factors of 62649?
3, 6961
What are the prime factors of 1783?
1783
What are the prime factors of 2744?
2, 7
List the prime factors of 1411.
17, 83
List the prime factors of 1787.
1787
What are the prime factors of 13989?
3, 4663
List the prime factors of 3610.
2, 5, 19
List the prime factors of 3559.
3559
What are the prime factors of 549?
3, 61
List the prime factors of 14660.
2, 5, 733
List the prime factors of 8379.
3, 7, 19
What are the prime factors of 7617?
3, 2539
List the prime factors of 4736.
2, 37
What are the prime factors of 719?
719
List the prime factors of 76805.
5, 15361
List the prime factors of 17862.
2, 3, 13, 229
List the prime factors of 6.
2, 3
List the prime factors of 583.
11, 53
What are the prime factors of 17?
17
What are the prime factors of 942